se 2?
-110000101101011001
Convert 1452221 (base 6) to base 14.
22c61
75522 (base 9) to base 10
49997
1562335 (base 8) to base 2
1101110010011011101
-22220202121210 (base 3) to base 5
-2203121303
Convert -175b5 (base 15) to base 5.
-4404140
-221207 (base 8) to base 9
-123018
-1becea (base 16) to base 11
-103aaa8
What is 177a9c (base 13) in base 5?
122312133
Convert 17775 (base 13) to base 10.
45219
202057 (base 9) to base 16
1d338
Convert -201110202212 (base 3) to base 2.
-1011101100100111000
What is 1240110 (base 6) in base 13?
24903
What is -1023011404 (base 5) in base 3?
-11001120222202
-221253 (base 11) to base 9
-587218
Convert -16a4 (base 14) to base 16.
-fe0
110011110101111100 (base 2) to base 9
353252
What is -33a429 (base 11) in base 9?
-1013871
Convert 58b504 (base 13) to base 14.
3ccd21
Convert 25406677 (base 9) to base 7.
210641656
What is 100111110011000011 (base 2) in base 13?
59274
-58199 (base 14) to base 13
-76756
110110100111 (base 3) to base 14
65504
Convert -2346433 (base 11) to base 2.
-1111100111010110100001
What is 43941 (base 12) in base 7?
521566
What is -3999a6 (base 16) in base 6?
-212524154
Convert 9b65a (base 12) to base 10.
206566
Convert -10156343 (base 7) to base 13.
-23bc9a
What is 412271 (base 10) in base 3?
202221112022
What is -112001012 (base 3) in base 2?
-10011111111110
Convert 11661516 (base 7) to base 14.
1d730d
What is 11021100120000 (base 3) in base 14?
431635
-9ec3d4 (base 16) to base 3
-201120121201201
What is -21130013 (base 5) in base 6?
-3442523
What is 511260 (base 7) in base 6?
1510223
6600303 (base 8) to base 14
340ccb
Convert -4242120 (base 6) to base 11.
-132176
-12006173 (base 8) to base 13
-70b850
What is 2997a (base 16) in base 4?
221211322
263080 (base 10) to base 2
1000000001110101000
Convert 52064432 (base 8) to base 12.
3843162
-2256251 (base 9) to base 16
-12973f
What is 1200151 (base 7) in base 14?
3d228
Convert 857983 (base 14) to base 16.
44e7af
-43695a3 (base 11) to base 9
-15380155
What is -10111322233 (base 4) in base 5?
-242411401
-4c081 (base 16) to base 8
-1140201
Convert 72496 (base 16) to base 13.
1350c1
Convert -12111121012 (base 3) to base 16.
-1a729
What is 1177822 (base 9) in base 12?
26b778
20322310 (base 4) to base 16
8eb4
-21002001200 (base 3) to base 4
-202000110
-252240 (base 7) to base 6
-554543
-235113533 (base 7) to base 14
-1d23d8a
-79621 (base 10) to base 13
-2a319
Convert 100100101010010011 (base 2) to base 7.
1163536
-723a8 (base 13) to base 8
-620246
Convert 54681 (base 16) to base 11.
21682a
Convert -1111230233 (base 4) to base 10.
-351023
What is -39399 (base 10) in base 2?
-1001100111100111
Convert -1b8755 (base 14) to base 6.
-33030343
42bad (base 14) to base 7
1241506
-20591a (base 11) to base 4
-1100202023
What is 11100111110101001010111 (base 2) in base 16?
73ea57
What is -863992 (base 13) in base 7?
-35526334
Convert 218776 (base 11) to base 8.
1250241
62a26 (base 11) to base 12
45116
Convert -64354 (base 14) to base 8.
-730726
-21414 (base 16) to base 14
-378d6
Convert -3435666 (base 7) to base 4.
-1220311323
Convert 2102002111121 (base 3) to base 11.
7a5666
Convert -721670 (base 11) to base 2.
-100011010111001110101
Convert -2fb806 (base 16) to base 3.
-12212212212000
10110110112020 (base 3) to base 16
1c1223
What is -2012012002 (base 4) in base 10?
-549250
Convert -224347 (base 9) to base 13.
-49252
What is 243253 (base 9) in base 8?
436463
352414 (base 9) to base 11
1350a8
-12e8d (base 15) to base 2
-1110110011110010
What is 5524 (base 10) in base 3?
21120121
What is 1000101111011111 (base 2) in base 6?
433435
2221014 (base 7) to base 6
5512500
What is -21333502 (base 6) in base 10?
-634574
21252254 (base 6) to base 11
39a718
Convert 23a958 (base 12) to base 15.
b662b
What is -104515345 (base 6) in base 10?
-1907633
What is 3612228 (base 9) in base 16?
1ddbd8
Convert -1744626 (base 11) to base 14.
-57202c
Convert 201622 (base 10) to base 6.
4153234
What is 8c075 (base 14) in base 6?
11143423
-156344221 (base 7) to base 11
-6014496
Convert 4a9362 (base 11) to base 4.
3010003100
-12121012100200 (base 3) to base 11
-1752a40
Convert -1a072a (base 14) to base 13.
-2643b4
Convert -189529 (base 15) to base 14.
-231b86
What is 24ae8 (base 15) in base 14?
30a0a
Convert 6103629 (base 10) to base 11.
3499824
-126336 (base 10) to base 14
-34080
Convert -131330003 (base 4) to base 6.
-2343415
-22642054 (base 7) to base 9
-3667571
What is -4322030301 (base 5) in base 3?
-122021002010100
What is 3233212 (base 5) in base 6?
1104344
100011100000010110100111 (base 2) to base 9
18455512
Convert -16a6483 (base 11) to base 8.
-13022046
Convert -b34ff (base 16) to base 11.
-4618a4
What is -254035154 (base 6) in base 5?
-2231404244
What is -33131003 (base 5) in base 7?
-2301631
What is -271917 (base 11) in base 8?
-1502023
What is cb2cc (base 16) in base 7?
10034152
Convert -3024423 (base 5) to base 16.
-be62
What is 328b3 (base 15) in base 2?
100111001101010001
Convert -244264 (base 8) to base 13.
-2c3bc
-76937 (base 11) to base 9
-180072
Convert 2663b63 (base 12) to base 10.
7596219
What is 6eed3 (base 16) in base 15?
8e955
-11816637 (base 9) to base 7
-100166353
What is -443230 (base 10) in base 4?
-1230031132
Convert 101220201000001 (base 3) to base 14.
aadd26
What is -11346 (base 14) in base 11?
-2945a
Convert -92637 (base 10) to base 6.
-1552513
What is 6466064 (base 7) in base 13?
21854c
Convert 9e122 (base 16) to base 9.
1186127
1111111110010101010 (base 2) to base 5
113222214
What is -302232 (base 4) in base 2?
-110010101110
122200222020 (base 3) to base 12
149789
Convert -360011 (base 8) to base 11.
-84368
-151245424 (base 7) to base 5
-10032422222
-287bc0 (base 15) to base 7
-22401135
Convert 266014 (base 11) to base 10.
417949
What is -433762 (base 8) in base 16?
-237f2
-112323014 (base 5) to base 2
-1111100110000100001
What is 614fb (base 16) in base 4?
1201103323
Convert -656b46 (base 12) to base 2.
-110001000101111100110
What is -2d7e1 (base 16) in base 14?
-4bc9b
Convert 318a0 (base 11) to base 4.
23103330
What is -233003203 (base 5) in base 9?
-2000051
-35215 (base 13) to base 6
-2025104
Convert 324010210 (base 5) to base 4.
11103223021
Convert 2003404330 (base 5) to base 4.
33020110013
Convert 44aa89 (base 15) to base 11.
193844a
What is -40543053 (base 6) in base 14?
-22453b
What is d8cb13 (base 14) in base 3?
111210121112212
Convert 11310140 (base 5) to base 7.
611416
What is 336126 (base 8) in base 16?
1bc56
Convert -1120323131 (base 6) to base 13.
-2732638
-350456 (base 9) to base 2
-110011010110010111
What is -336618 (base 9) in base 16?
-313eb
What is -202110031 (base 4) in base 10?
-140557
What is 1621640 (base 13) in base 8?
33110310
-7407a5 (base 11) to base 14
-22c775
Convert -38d91 (base 14) to base 10.
-139875
-2402130340 (base 5) to base 14
-a34331
What is 1436146 (base 8) in base 10?
408678
8564812 (base 9) to base 16
460892
Convert 1c83b1 (base 13) to base 8.
2626134
Convert 10133220101 (base 4) to base 14.
2294c1
Convert -275a17 (base 12) to base 11.
-4065aa
1221121012002 (base 3) to base 10
1035317
What is -2b22451 (base 12) in base 9?
-17423147
What is -101100001111011010110 (base 2) in base 8?
-5417326
What is 110002000202 (base 3) in base 14?
6288a
What is 74511 (base 10) in base 8?
221417
What is -2001211200 (base 3) in base 5?
-2300312
What is 6b7ae (base 15) in base 6?
11202102
-1111011010000010 (base 2) to base 4
-33122002
What is 11200120110201 (base 3) in base 6?
125221544
4024211322 (base 5) to base 16
7aa7c1
-11240224 (base 5) to base 8
-310244
Convert 72211 (base 12) to base 5.
14231114
-45e07d (base 16) to base 5
-2133020303
What is 12157790 (base 10) in base 7?
205224311
Convert -667a (base 13) to base 2.
-11011111011001
Convert 23202031232 (base 4) to base 8.
13421556
Convert 37294 (base 12) to base 10.
74704
What is -1000110110111000000 (base 2) in base 3?
-112202010122
-2284571 (base 9) to base 2
-100101101111101110101
Convert 120301424 (base 5) to base 15.
aed44
5c6882 (base 14) to base 2
1100000101100000000010
-596c9 (base 15) to base 10
-285039
What is -33031114 (base 5) in base 9?
-471530
What is -64581 (base 9) in base 7?
-235444
-513313524 (base 6) to base 16
-86f0bc
Convert 189748 (base 13) to base 10.
62